he tens digit of 58371?
7
What is the hundreds digit of 1070?
0
What is the thousands digit of 36235?
6
What is the tens digit of 2432?
3
What is the units digit of 706?
6
What is the hundreds digit of 1899?
8
What is the thousands digit of 3429?
3
What is the units digit of 204?
4
What is the thousands digit of 99320?
9
What is the thousands digit of 77916?
7
What is the tens digit of 779?
7
What is the thousands digit of 95740?
5
What is the hundreds digit of 2668?
6
What is the thousands digit of 4065?
4
What is the hundreds digit of 7364?
3
What is the units digit of 8400?
0
What is the hundreds digit of 992?
9
What is the hundred thousands digit of 120017?
1
What is the units digit of 670?
0
What is the thousands digit of 15974?
5
What is the hundreds digit of 148484?
4
What is the units digit of 18462?
2
What is the tens digit of 712?
1
What is the ten thousands digit of 20095?
2
What is the units digit of 1201?
1
What is the thousands digit of 15939?
5
What is the hundreds digit of 152?
1
What is the units digit of 17579?
9
What is the hundreds digit of 1450?
4
What is the hundreds digit of 15733?
7
What is the thousands digit of 33765?
3
What is the ten thousands digit of 20067?
2
What is the hundreds digit of 446?
4
What is the hundreds digit of 567?
5
What is the thousands digit of 1735?
1
What is the hundreds digit of 103018?
0
What is the tens digit of 5867?
6
What is the hundreds digit of 53471?
4
What is the hundreds digit of 97765?
7
What is the units digit of 1628?
8
What is the ten thousands digit of 116829?
1
What is the units digit of 9919?
9
What is the thousands digit of 4235?
4
What is the thousands digit of 38891?
8
What is the units digit of 592?
2
What is the units digit of 2171?
1
What is the units digit of 56?
6
What is the tens digit of 509?
0
What is the thousands digit of 27091?
7
What is the units digit of 1074?
4
What is the ten thousands digit of 10969?
1
What is the hundreds digit of 6470?
4
What is the units digit of 29640?
0
What is the hundreds digit of 1136?
1
What is the units digit of 22598?
8
What is the hundreds digit of 852?
8
What is the tens digit of 1416?
1
What is the hundreds digit of 34292?
2
What is the hundreds digit of 167?
1
What is the ten thousands digit of 16352?
1
What is the thousands digit of 1467?
1
What is the units digit of 44032?
2
What is the tens digit of 801?
0
What is the thousands digit of 44078?
4
What is the thousands digit of 14229?
4
What is the hundreds digit of 20458?
4
What is the tens digit of 7946?
4
What is the ten thousands digit of 56717?
5
What is the units digit of 409?
9
What is the hundreds digit of 11380?
3
What is the units digit of 6016?
6
What is the thousands digit of 1513?
1
What is the thousands digit of 1932?
1
What is the tens digit of 4285?
8
What is the units digit of 3007?
7
What is the units digit of 1788?
8
What is the units digit of 25487?
7
What is the hundreds digit of 513?
5
What is the thousands digit of 1848?
1
What is the tens digit of 2474?
7
What is the units digit of 2?
2
What is the tens digit of 47617?
1
What is the tens digit of 96341?
4
What is the tens digit of 57936?
3
What is the hundreds digit of 139788?
7
What is the units digit of 125?
5
What is the thousands digit of 5018?
5
What is the units digit of 1256?
6
What is the ten thousands digit of 19370?
1
What is the units digit of 866?
6
What is the units digit of 17892?
2
What is the units digit of 94851?
1
What is the units digit of 9579?
9
What is the tens digit of 25730?
3
What is the hundreds digit of 2454?
4
What is the units digit of 68?
8
What is the thousands digit of 45586?
5
What is the units digit of 4463?
3
What is the tens digit of 833?
3
What is the hundreds digit of 895?
8
What is the units digit of 8256?
6
What is the hundreds digit of 8899?
8
What is the units digit of 75?
5
What is the ten thousands digit of 29777?
2
What is the thousands digit of 1557?
1
What is the hundreds digit of 2496?
4
What is the ten thousands digit of 12457?
1
What is the hundreds digit of 5325?
3
What is the thousands digit of 2529?
2
What is the units digit of 107525?
5
What is the units digit of 4185?
5
What is the tens digit of 1800?
0
What is the thousands digit of 44002?
4
What is the tens digit of 4310?
1
What is the thousands digit of 4164?
4
What is the tens digit of 64581?
8
What is the tens digit of 299?
9
What is the thousands digit of 2219?
2
What is the units digit of 104?
4
What is the tens digit of 1278?
7
What is the hundreds digit of 798?
7
What is the units digit of 1499?
9
What is the tens digit of 1626?
2
What is the hundreds digit of 53353?
3
What is the thousands digit of 7211?
7
What is the units digit of 62874?
4
What is the hundreds digit of 916?
9
What is the thousands digit of 1226?
1
What is the tens digit of 2036?
3
What is the units digit of 3902?
2
What is the hundreds digit of 1718?
7
What is the hundreds digit of 3980?
9
What is the thousands digit of 51790?
1
What is the tens digit of 499?
9
What is the units digit of 3194?
4
What is the units digit of 1270?
0
What is the units digit of 37218?
8
What is the units digit of 1865?
5
What is the thousands digit of 2513?
2
What is the ten thousands digit of 17417?
1
What is the units digit of 3102?
2
What is the tens digit of 30199?
9
What is the hundreds digit of 29038?
0
What is the units digit of 4743?
3
What is the units digit of 880?
0
What is the tens digit of 50570?
7
What is the tens digit of 29696?
9
What is the tens digit of 30581?
8
What is the tens digit of 6875?
7
What is the ten thousands digit of 16935?
1
What is the hundreds digit of 372?
3
What is the ten thousands digit of 73290?
7
What is the tens digit of 52?
5
What is the hundreds digit of 13811?
8
What is the hundreds digit of 908?
9
What is the tens digit of 15444?
4
What is the hundreds digit of 9825?
8
What is the hundreds digit of 8682?
6
What is the tens digit of 21580?
8
What is the tens digit of 13980?
8
What is the thousands digit of 1401?
1
What is the tens digit of 5579?
7
What is the units digit of 20815?
5
What is the thousands digit of 16412?
6
What is the thousands digit of 8015?
8
What is the tens digit of 18376?
7
What is the units digit of 1681?
1
What is the thousands digit of 9118?
9
What is the units digit of 3765?
5
What is the tens digit of 6980?
8
What is the tens digit of 470?
7
What is the hundreds digit of 6680?
6
What is the tens digit of 1180?
8
What is the tens digit of 905?
0
What is the tens digit of 3797?
9
What is the hundreds digit of 90268?
2
What is the units digit of 164?
4
What is the units digit of 4826?
6
What is the thousands digit of 2470?
2
What is the tens digit of 70365?
6
What is the hundreds digit of 287?
2
What is the hundreds digit of 411?
4
What is the tens digit of 35325?
2
What is the units digit of 246?
6
What is the hundreds digit of 12166?
1
What is the hundreds digit of 1060?
0
What is the units digit of 487?
7
What is the units digit of 1190?
0
What is the units digit of 1227?
7
What is the thousands digit of 98653?
8
What is the units digit of 55?
5
What is the hundreds digit of 1118?
1
What is the units digit of 2689?
9
What is the units digit of 1490?
0
What is the thousands digit of 12235?
2
What is the hundreds digit of 942?
9
What is the units digit of 5555?
5
What is the tens digit of 3032?
3
What is the thousands digit of 4216?
4
What is the thousands digit of 4326?
4
What is the units digit of 3420?
0
What is the hundreds digit of 45641?
6
What is the ten thousands digit of 19781?
1
What is the tens digit of 15187?
8
What is the units digit of 7908?
8
What is the tens digit of 57784?
8
What is the units digit of 1092?
2
What is the thousands digit of 2431?
2
What is the hundreds digit of 728?
7
What is the units digit of 1799?
9
What is the hundreds digit of 20319?
3
What is the tens digit of 2654?
5
What is the hundreds digit of 235?
2
What is the hundreds digit of 11700?
7
What is the hundreds digit of 2545?
5
What is the hundreds digit of 1527?
5
What is the units digit of 4459?
9
What is the hundreds digit of 8734?
7
What is the tens digit of 2354?
5
What is the units digit of 41674?
4
What is the thousands digit of 50495?
0
What is the ten thousands digit of 